ber?
False
Let a(c) = -2*c**2 + 13*c**2 - 1 - 1 - 2*c. Let r be a(2). Is r/1 - (-3)/(-3) prime?
True
Is (-10)/1 - (-3807)/1 a composite number?
False
Let q(g) = -6*g**2 + 2*g - 3. Let n(a) = -6*a**2 + a - 3. Let m = -8 + 12. Let k(l) = m*q(l) - 5*n(l). Is k(-4) prime?
False
Suppose 4 = 4*f + i, -2*f - 2 = 2*i + 2. Let y be (f/8)/((-7)/(-196)). Suppose 533 = 4*x - 2*z + y*z, -2*x - 5*z = -279. Is x prime?
True
Let p be (3 - (-3 - -3))*1. Let t be (2 - (-1 + p)) + -433. Let m = t - -654. Is m a composite number?
True
Let q(k) = -4*k**3 + k**2 + k. Let u be q(-1). Is 1/u + (-339)/(-4) a prime number?
False
Suppose 144*z + 1524 = 148*z. Is z a composite number?
True
Is 14282 - 1/(-4)*(9 - 13) a prime number?
True
Let j(t) = -t**2 - 10*t + 6. Let d be j(-12). Let r = d + 110. Suppose 4*i - r = 32. Is i composite?
False
Let s(y) = 2*y**2 - 6*y - 3. Let u(t) = 5*t**2 - 18*t - 9. Let n(w) = 17*s(w) - 6*u(w). Suppose 34*l + 232 = 5*l. Is n(l) a composite number?
False
Suppose -3*l - 15 = 0, 4*f + 5*l - 4855 = 15516. Is f a composite number?
False
Let n(v) = -v**3 + 6*v**2 - 5*v. Let c be n(5). Suppose 1599 = -c*i + 2*i - 5*a, 0 = -a - 5. Is i prime?
True
Suppose 0 = 123*o - 120*o - 11112. Let u = -1587 + o. Is u a prime number?
False
Suppose -97*s + 1267896 = -41*s. Is s a prime number?
False
Is (9354/(-9))/(40/(-60)) a composite number?
False
Suppose -2*k + 0 = 4. Let l be (1 + k)*(0 - -1). Is 1/(l/(298/(-2))) a composite number?
False
Let r = -216 - -430. Is r composite?
True
Let q(w) = 2*w**2 - 6*w + 1. Let f be q(-11). Suppose 210 = l - f. Is l composite?
True
Is ((-53589)/(-21))/((-20)/(-140)) a composite number?
False
Let c(j) = -8494*j - 89. Is c(-7) a composite number?
False
Let a = -360 - -5. Let j = 1146 + a. Suppose -4*p - 200 = -5*p - 2*f, 4*p + 5*f = j. Is p a prime number?
False
Let t = 8391 + 7424. Is t a prime number?
False
Is 24/(-276) + (-3523842)/(-138) a prime number?
False
Suppose 2912 = 21*x - 5*x. Suppose 3430 - x = 16*b. Is b composite?
True
Let b(a) = 3458*a**3 - a**2 - 2*a + 2. Is b(1) a composite number?
False
Suppose w + 0*w = 5. Suppose -w*q - 5*o = -0*q - 3710, 0 = q - 2*o - 745. Is q composite?
False
Suppose 2*z + 0*z = 414. Suppose 0 = -4*p + p, 3*n + 3*p = -363. Let v = n + z. Is v a composite number?
True
Let k = -259 - -1698. Is k composite?
False
Let y = 31 + -32. Is 23*y*(15 + -28) composite?
True
Let s(b) = -b**3 + 9*b**2 - 9*b - 10. Let u be s(8). Let v be (290/(-4))/5*u. Suppose 374 = 5*q - v. Is q a prime number?
True
Suppose 5*z + 4*d + d - 30 = 0, 2*d = z. Suppose 2*r - 4098 = -z*r. Is r composite?
False
Let z be (-36)/(-10) + (-9)/15. Suppose -z*q + 622 = -a, -q + 229 = 4*a - 0*a. Is q a composite number?
True
Let t(i) = 16*i**3 - 30*i + 31*i - 2 + 62*i**3. Is t(1) composite?
True
Let x = -65916 - -175577. Is x composite?
False
Let d(j) = -20*j - 1. Let f(q) = 59*q + 3. Let b(s) = 17*d(s) + 6*f(s). Let u be b(1). Is 2230/u*(-9)/(-6) a prime number?
True
Let y = -1612 + 1150. Let a be 3 + -772 - ((-1 - 2) + 3). Let w = y - a. Is w a composite number?
False
Let t = -6586 - -13121. Is t prime?
False
Suppose 5*l + 3*h = 30, h - 1 = 2*l - 2. Let q(p) = p. Let z be q(l). Is 0*(-3)/z + 14 a composite number?
True
Let g be 2*(-8)/((-8)/2). Suppose 0 = g*c - 2 + 14. Is 538/c*3/(-2) a composite number?
False
Let r(n) = -28 + 101*n + 5*n + 4. Let s be r(-11). Let x = -705 - s. Is x a composite number?
True
Let a be (-1)/(4/(-124) - 0). Let g = a - 98. Let y = 64 - g. Is y a prime number?
True
Let u = -38398 + 76617. Is u a composite number?
False
Suppose j - u + 53 - 363 = 0, j + u - 312 = 0. Is j composite?
False
Let i(q) = -q**2 + 4*q + 34. Let k(t) be the first derivative of -2*t**3/3 + 7*t**2/2 + 68*t + 2. Let s(n) = -7*i(n) + 4*k(n). Is s(0) a composite number?
True
Suppose 4*v = 6*v - 2034. Let i = v - -20. Is i a composite number?
True
Suppose -5*o - 61 = 44. Let g be 6/21 + 6/o. Suppose -3*y + 4*u + 233 = g, 2*u = -5*y - u + 340. Is y a composite number?
False
Suppose 0 = -16*q + 2*q + 16618. Is q a prime number?
True
Let g be (132/(-9))/((-4)/(-90)). Is ((-23)/(-3))/((-10)/g) composite?
True
Suppose -d + 8739 = -g - 1486, 4*g = 2*d - 20458. Is d prime?
False
Suppose -2*p = -n + 4*n - 17, -2*p = -4*n + 32. Suppose -2*q - n*q + 12141 = 0. Is q composite?
True
Let n be 8/(-12) + (164920/(-12))/7. Suppose 0 = 2*c - 3*c - 1101. Let d = c - n. Is d prime?
True
Let w = -41 - -45. Suppose 2358 = 5*s - w*m + 868, 3*s - 894 = 5*m. Is s prime?
False
Let c = 134838 - -59293. Is c composite?
True
Let r be 27/(-6)*8/3. Let t be (-4)/(r/(-9)) + 17. Is 1590/t - (-36)/(-63) a composite number?
False
Suppose -130*w - 148734 = -139*w. Is w composite?
True
Suppose 0*v - 3*v + 31162 = 5*s, 3*s = -5*v + 18694. Let t = s + -3512. Is t composite?
True
Let i(s) = -s - 2. Let z be i(-1). Let g be (2*z)/(20/(-9350)). Suppose 7*o - 2*o = g. Is o composite?
True
Let j(u) = -u**3 - 11*u**2 + 11. Let m be j(-11). Let c = 11 - m. Suppose -4*y - 8*k + 912 = -3*k, c = 5*y - 4*k - 1181. Is y prime?
True
Let l(y) = 47*y - 53. Let h be l(-9). Let k = 2019 + h. Is k a composite number?
False
Let i = 1874 - 1112. Suppose 2*g - 15 = -3*p + i, 2*g + 5*p - 771 = 0. Is g prime?
False
Suppose 4*x + 356 + 172 = 0. Let y = 334 + x. Let f = y + -45. Is f prime?
True
Let q(a) = -14*a - 46. Let r be q(-14). Let m = 629 - r. Is m composite?
False
Is 39980/2 + 7 - (-4)/2 composite?
True
Let u = 24 + -20. Suppose i + 267 = u*i. Is i a prime number?
True
Is (1226760/(-90))/(4/(-3)) a prime number?
True
Let n(c) = -4 + 223*c**2 - c + 4*c + 12*c**3 - 227*c**2. Is n(3) a prime number?
True
Let i be (-12)/(-8)*(-64)/(-6). Suppose 3*z - 12 = 3*a, -5*z + 0*a + i = -3*a. Suppose 0*f = -z*f + 498. Is f prime?
False
Let o(y) = -y**3 - 3*y**2 + y - 4. Let k be o(-4). Let j(w) = -8*w + 5*w**2 - 3 + 6*w**2 - 3*w**2. Is j(k) a composite number?
True
Let w = 699 - 363. Suppose -3*c = -2*z + 124 + w, 4*c = 4*z - 924. Is z a composite number?
False
Suppose -4*y + 5810 = y. Suppose 7*l - y = 175. Is l composite?
False
Is -132 + 140 - (-45083 - 0) composite?
True
Let n = -511 - -1840. Let g = -943 + n. Suppose 0*i = -i - 5*a + g, -2*i = 2*a - 796. Is i a prime number?
True
Let z(i) be the third derivative of i**8/6720 - i**7/504 - i**6/240 + i**5/40 - i**4/6 - 5*i**2. Let c(a) be the second derivative of z(a). Is c(6) prime?
False
Let s(l) = 86119*l**2 - 9*l + 1. Is s(1) a composite number?
False
Let s = 1956 + -1315. Is s a prime number?
True
Is (-4 + -33738)*(35/(-5))/14 a composite number?
False
Let k be ((-2)/5)/((-2)/20). Suppose 0 = 3*b - 17 + 2. Suppose 3*d + 108 = k*d - b*p, 308 = 3*d + p. Is d a prime number?
True
Let s = -66 + 66. Suppose s = -6*k + 2*k + 3020. Is k a composite number?
True
Let h = -49 + 63. Suppose r = 81 + h. Is r composite?
True
Suppose 17*s - 11*s - 206394 = 0. Is s prime?
False
Let x = -13 - -17. Suppose x*n = 5*n - 34. Is n composite?
True
Let c(q) = 3*q**2 - 4*q + 5. Suppose 0 = 5*d - 28 - 92. Suppose -t = -5*t + d. Is c(t) a composite number?
False
Let y(n) = -n - 16. Let t be y(-13). Is 1213 + (0 - 0)/t a composite number?
False
Let x be ((-9)/2)/((-6)/12). Let y(j) = 8*j**2 - 24*j + 19. Is y(x) composite?
True
Let j be -2 + -4 + 3 + 273. Suppose p + 5*u = 288, p - 4*u - j = -0*u. Is (p/(-3))/(4/(-6)) a composite number?
False
Let n = -777 - -1215. Suppose 124 = -2*w + n. Is w a composite number?
False
Suppose -o = -4*s - 34, -3*s - 32 = s - 2*o. Let q = s + 51. Suppose -52 = -2*w + q. Is w prime?
True
Suppose -4*a + 19 - 7 = 0. Is (118/a)/((-2)/(-3)) prime?
True
Let j(b) = 432*b**2 - 5*b + 7. Let r be j(5). Suppose -7*x + r = -x. Is x a prime number?
False
Let i(z) = 108*z - 2. Let g be i(1). Suppose -4*v + 4*h = 248, 5*h + 32 = -v - 0*h. Let y = g + v. Is y prime?
False
Is (-8)/(112/(-70)) - -12*194 a composite number?
False
Let q(x) = -x**2 - 2*x + 10967. Is q(0) composite?
True
Let k(z) = 179*z - 47 + 243*z - 7 + 3. Is k(6) a prime number?
False
Suppose 0*z + 3*z + 1326 = 0. Let t = 776 + z. Suppose 3*j = -2*d + t, 0 = -0*d + 3*d - 3*j - 501. Is d composite?
False
Suppose -2*a + 13 = 3. Suppose -4*t - 2*n = -5*t + 317, -t + 338 = a*n. Is t a prime number?
False
Let y be 10/(-20) - (-1)/2. Suppose y = -3*z + 1023 + 519. Is z a composite 